the remainder when 54477 is divided by 30.
27
Calculate the remainder when 59382 is divided by 675.
657
What is the remainder when 18586 is divided by 14?
8
What is the remainder when 851477 is divided by 114?
11
What is the remainder when 327426 is divided by 361?
360
Calculate the remainder when 2611 is divided by 391.
265
What is the remainder when 4217 is divided by 108?
5
What is the remainder when 2033 is divided by 96?
17
What is the remainder when 34365 is divided by 10?
5
Calculate the remainder when 11511 is divided by 767.
6
What is the remainder when 276763 is divided by 69188?
11
Calculate the remainder when 167719 is divided by 280.
279
Calculate the remainder when 10110 is divided by 2526.
6
Calculate the remainder when 11230 is divided by 11230.
0
What is the remainder when 8773 is divided by 290?
73
Calculate the remainder when 6551 is divided by 28.
27
Calculate the remainder when 110460 is divided by 323.
317
What is the remainder when 478343 is divided by 1211?
1209
What is the remainder when 15175 is divided by 170?
45
What is the remainder when 842576 is divided by 151?
147
What is the remainder when 29496 is divided by 111?
81
Calculate the remainder when 74066 is divided by 37.
29
What is the remainder when 3087 is divided by 184?
143
Calculate the remainder when 5103 is divided by 637.
7
What is the remainder when 22106 is divided by 490?
56
What is the remainder when 1118870 is divided by 79?
72
What is the remainder when 1709 is divided by 590?
529
What is the remainder when 5415 is divided by 925?
790
Calculate the remainder when 15651 is divided by 356.
343
What is the remainder when 14261 is divided by 70?
51
What is the remainder when 2574598 is divided by 10?
8
What is the remainder when 309654 is divided by 156?
150
What is the remainder when 1367220 is divided by 74?
70
What is the remainder when 4780 is divided by 189?
55
Calculate the remainder when 2163 is divided by 430.
13
What is the remainder when 1290 is divided by 1275?
15
What is the remainder when 7018 is divided by 296?
210
Calculate the remainder when 4945 is divided by 2457.
31
Calculate the remainder when 33729 is divided by 77.
3
Calculate the remainder when 1642 is divided by 513.
103
Calculate the remainder when 70693 is divided by 13.
12
What is the remainder when 419 is divided by 24?
11
Calculate the remainder when 453855 is divided by 11.
6
Calculate the remainder when 11769 is divided by 3922.
3
What is the remainder when 17640 is divided by 8812?
16
What is the remainder when 754366 is divided by 64?
62
What is the remainder when 1069339 is divided by 10?
9
What is the remainder when 2285 is divided by 1136?
13
Calculate the remainder when 1421707 is divided by 108.
103
Calculate the remainder when 55691 is divided by 4.
3
Calculate the remainder when 5109 is divided by 2446.
217
What is the remainder when 3724457 is divided by 131?
127
Calculate the remainder when 18655 is divided by 16.
15
What is the remainder when 1049781 is divided by 55?
51
Calculate the remainder when 10914 is divided by 46.
12
What is the remainder when 211641 is divided by 40?
1
What is the remainder when 26892 is divided by 8950?
42
Calculate the remainder when 2994 is divided by 1473.
48
Calculate the remainder when 271433 is divided by 102.
11
What is the remainder when 288742 is divided by 227?
225
What is the remainder when 9651 is divided by 3198?
57
What is the remainder when 21209 is divided by 45?
14
Calculate the remainder when 5887732 is divided by 149.
146
Calculate the remainder when 1443203 is divided by 914.
911
Calculate the remainder when 1197 is divided by 891.
306
What is the remainder when 91434 is divided by 30474?
12
What is the remainder when 3384 is divided by 5?
4
What is the remainder when 15610 is divided by 98?
28
Calculate the remainder when 8092 is divided by 2690.
22
What is the remainder when 2469 is divided by 82?
9
Calculate the remainder when 180298 is divided by 40.
18
Calculate the remainder when 2504979 is divided by 502.
501
Calculate the remainder when 15551 is divided by 399.
389
What is the remainder when 682 is divided by 327?
28
Calculate the remainder when 67064 is divided by 344.
328
Calculate the remainder when 120458 is divided by 753.
731
What is the remainder when 4037924 is divided by 2141?
2139
What is the remainder when 6554 is divided by 728?
2
What is the remainder when 37598 is divided by 68?
62
What is the remainder when 459 is divided by 126?
81
What is the remainder when 57539 is divided by 607?
481
Calculate the remainder when 290421 is divided by 145206.
9
Calculate the remainder when 1281575 is divided by 797.
796
Calculate the remainder when 7025 is divided by 3075.
875
What is the remainder when 7510 is divided by 10?
0
What is the remainder when 53801 is divided by 633?
629
Calculate the remainder when 1862665 is divided by 31.
30
Calculate the remainder when 64201 is divided by 21391.
28
What is the remainder when 1649 is divided by 166?
155
Calculate the remainder when 3343 is divided by 333.
13
What is the remainder when 20252 is divided by 921?
911
Calculate the remainder when 12344 is divided by 77.
24
Calculate the remainder when 1516 is divided by 753.
10
What is the remainder when 22781 is divided by 172?
77
What is the remainder when 2248 is divided by 992?
264
What is the remainder when 1376 is divided by 46?
42
What is the remainder when 1431 is divided by 179?
178
What is the remainder when 64777 is divided by 79?
76
Calculate the remainder when 12627 is divided by 1052.
3
Calculate the remainder when 708 is divided by 84.
36
Calculate the remainder when 151788 is divided by 440.
428
Calculate the remainder when 1671 is divided by 265.
81
What is the remainder when 7035 is divided by 44?
39
What is the remainder when 5661 is divided by 500?
161
What is the remainder when 17429 is divided by 21?
20
Calculate the remainder when 4758 is divided by 940.
58
What is the remainder when 2883982 is divided by 13?
10
What is the remainder when 44455 is divided by 19?
14
Calculate the remainder when 30681 is divided by 1521.
261
What is the remainder when 5617 is divided by 1123?
2
Calculate the remainder when 41742 is divided by 13903.
33
Calculate the remainder when 5798 is divided by 61.
3
What is the remainder when 36120 is divided by 973?
119
Calculate the remainder when 824 is divided by 373.
78
Calculate the remainder when 9338 is divided by 4377.
584
Calculate the remainder when 9088 is divided by 554.
224
Calculate the remainder when 8526 is divided by 467.
120
Calculate the remainder when 729927 is divided by 10.
7
Calculate the remainder when 58967 is divided by 126.
125
Calculate the remainder when 18763 is divided by 229.
214
What is the remainder when 1061 is divided by 39?
8
What is the remainder when 3180 is divided by 159?
0
Calculate the remainder when 38297 is divided by 1496.
897
What is the remainder when 4824 is divided by 1109?
388
Calculate the remainder when 13612 is divided by 206.
16
What is the remainder when 67369 is divided by 130?
29
What is the remainder when 3489 is divided by 1161?
6
What is the remainder when 20392 is divided by 9?
7
What is the remainder when 667 is divided by 359?
308
Calculate the remainder when 39128 is divided by 767.
11
What is the remainder when 6999 is divided by 799?
607
Calculate the remainder when 3169 is divided by 2845.
324
Calculate the remainder when 28646 is divided by 494.
488
What is the remainder when 25899 is divided by 274?
143
What is the remainder when 1115 is divided by 354?
53
What is the remainder when 544307 is divided by 65?
62
What is the remainder when 811 is divided by 29?
28
What is the remainder when 7737 is divided by 9?
6
Calculate the remainder when 11794 is divided by 21.
13
What is the remainder when 17190 is divided by 22?
8
What is the remainder when 27445 is divided by 305?
300
Calculate the remainder when 1783 is divided by 159.
34
What is the remainder when 14902 is divided by 94?
50
What is the remainder when 22523 is divided by 78?
59
Calculate the remainder when 82061 is divided by 9.
8
Calculate the remainder when 1530 is divided by 540.
450
Calculate the remainder when 428609 is divided by 39.